3)?
221
Let x(l) = -4*l**3 - 5*l**2 + 1482*l - 1479. Determine x(1).
-6
Let c(z) = 165*z**3 - 1167*z**2 + 92*z - 85. Determine c(7).
-29
Let j(d) = 473*d + 19415. Calculate j(-39).
968
Let r(i) = 70*i**2 - 5529*i - 267. What is r(79)?
-188
Let q(t) = -t**2 - 1501*t - 25210. Determine q(-17).
18
Let q(d) = 13396*d - 1058217. Determine q(79).
67
Let o(r) = 2*r**3 - 11*r**2 - 997*r + 4999. Calculate o(5).
-11
Let h(f) = -f**3 - 2*f**2 + 1256*f - 63. Calculate h(0).
-63
Let w(k) = -29*k**3 + 488*k**2 + 88*k - 45. What is w(17)?
6
Let k(z) = 213*z + 946. Calculate k(-2).
520
Let m(r) = -15*r**3 + r**2 - 529*r + 3747. Determine m(7).
-5052
Let y(d) = -5*d**2 + 3258*d - 165687. What is y(596)?
1
Let v(n) = -59*n**2 - 2009*n - 117. What is v(-34)?
-15
Let h(q) = -24625*q + 123116. Calculate h(5).
-9
Let c(y) = -2*y**2 - 130*y - 1970. Calculate c(-43).
-78
Let x(o) = 21842*o**2 - 677103*o + 13. Give x(31).
-18
Let k(r) = 93*r**3 + 5089*r**2 - 1423*r + 298. Give k(-55).
-87
Let a(n) = -n**3 + 11*n**2 + 260319*n - 1562095. Determine a(6).
-1
Let x(i) = -269754*i + 1618532. What is x(6)?
8
Let s(m) = -m**3 - 30*m**2 + 32*m + 1895. Calculate s(-29).
126
Let n(r) = -31166*r + 747869. Give n(24).
-115
Let q(p) = p**2 + 170*p + 4635. Determine q(-34).
11
Let i(q) = -126*q**2 - 29*q - 16. Give i(0).
-16
Let v(h) = 5*h**2 + 176*h + 1602. Give v(-10).
342
Let l(u) = -491402*u - 1474231. Give l(-3).
-25
Let y(c) = -351*c**3 + 3151*c**2 + 23*c - 21. Give y(9).
-462
Let h(i) = -i**3 + 16*i**2 + 29687*i - 415886. What is h(14)?
124
Let b(k) = -609*k - 33387. What is b(-56)?
717
Let a(i) = -28*i**2 + 3143*i - 6934. Give a(110).
-4
Let m(o) = 358*o - 55815. What is m(156)?
33
Let z(o) = -o**3 + 54*o**2 + 29*o - 342. Give z(0).
-342
Let u(h) = 6741*h**2 + 40375*h - 479. Calculate u(-6).
-53
Let w(i) = -858*i + 466486. Determine w(544).
-266
Let j(m) = 108603*m - 108555. Calculate j(1).
48
Let v(a) = -a**2 - 2821*a - 11263. Give v(-4).
5
Let g(t) = -71*t**3 - 5254*t**2 - 1. Determine g(-74).
-1
Let q(j) = 5768*j + 3264. Give q(-1).
-2504
Let b(i) = 61*i**3 + 13727*i**2 + 453*i + 454. Calculate b(-225).
-221
Let b(d) = 10557*d + 516684. Give b(-49).
-609
Let v(r) = -239*r + 15358. Determine v(74).
-2328
Let l(j) = -455519*j - 455565. What is l(-1)?
-46
Let c(g) = -253*g**2 - 4580*g + 13701. Calculate c(3).
-2316
Let t(h) = -11*h**2 + 6029*h + 6030. Calculate t(-1).
-10
Let s(z) = -18*z**3 + 2143*z**2 - 107*z - 174. Determine s(119).
1254
Let f(q) = -99*q**3 + 173*q**2 + 6*q + 4. Give f(3).
-1094
Let n(y) = -5*y**2 - 1493*y + 5215. Determine n(-302).
81
Let w(h) = h**3 + 44*h**2 - 66*h - 4662. Give w(-43).
25
Let o(n) = -9*n**2 + 35*n + 1117. What is o(-14)?
-1137
Let a(j) = 11716*j + 55646. Give a(-5).
-2934
Let f(n) = 2*n**2 + 9*n - 770. Determine f(17).
-39
Let q(d) = 19*d**3 - 5283*d**2 + 288*d - 2773. Give q(278).
7
Let n(x) = 52*x + 5058. Give n(48).
7554
Let p(v) = -v**3 + 247*v**2 + 741*v + 1707. Calculate p(250).
-543
Let d(z) = -40785*z - 367067. Calculate d(-9).
-2
Let b(c) = -c**3 + 2*c**2 - 334*c - 1771. Give b(-5).
74
Let w(g) = 2*g**3 + 1436*g**2 - 1437*g + 557. Determine w(-719).
-162
Let p(b) = -170*b - 126. Give p(-5).
724
Let k(d) = -1483*d + 116153. Give k(79).
-1004
Let s(n) = -1718*n - 41264. Calculate s(-24).
-32
Let d(m) = m**2 - 24342*m + 243295. Give d(10).
-25
Let g(w) = w**2 - 9300*w + 2192028. Give g(242).
-8
Let z(t) = 2*t**2 + 661*t + 26961. Calculate z(-48).
-159
Let f(u) = -563*u + 27224. What is f(50)?
-926
Let r(s) = 889*s + 8863. What is r(-9)?
862
Let t(j) = -30*j**2 + 70*j + 52. Give t(7).
-928
Let i(h) = -h**3 - 74*h**2 + 67*h - 89. Calculate i(-75).
511
Let o(d) = -d**3 + d**2 - 108*d - 1180. Give o(-7).
-32
Let z(c) = -c**3 + 6*c**2 - 106753*c + 640508. What is z(6)?
-10
Let z(u) = -u**3 + 300*u**2 + 295*u + 1877. Determine z(301).
71
Let d(o) = o**2 + 5755*o - 266462. Give d(46).
384
Let g(n) = -13*n**2 + 294*n + 2255. Calculate g(30).
-625
Let n(v) = -938*v + 46893. What is n(50)?
-7
Let n(l) = -65623*l + 393739. Give n(6).
1
Let k(a) = 4983*a - 114546. What is k(23)?
63
Let r(j) = 228*j - 211. What is r(-1)?
-439
Let d(n) = -n**2 - 1466*n + 103018. Give d(67).
307
Let t(i) = -2*i**2 + 846*i - 2703. What is t(0)?
-2703
Let b(n) = -3*n**3 - 1276*n**2 + 546*n - 130351. Give b(-426).
5
Let m(s) = s**3 - 37*s**2 + 18*s - 2027. Calculate m(37).
-1361
Let y(b) = -17820*b - 481277. Give y(-27).
-137
Let m(u) = -731*u - 16950. Determine m(-25).
1325
Let x(f) = -5619*f + 28700. What is x(5)?
605
Let q(n) = -8803*n + 361704. Calculate q(41).
781
Let z(q) = 2*q**2 - 91*q - 414. What is z(49)?
-71
Let l(m) = 2*m**3 + 507*m**2 - 806*m - 10446. Give l(-255).
9
Let l(p) = -p**2 - 155*p - 2943. Calculate l(-23).
93
Let v(d) = -2*d**3 - 236*d**2 - 666*d - 176. Determine v(-115).
-2936
Let m(b) = 69*b**2 + 7383*b - 22. Give m(-107).
-22
Let n(r) = -1526678*r - 12213451. Determine n(-8).
-27
Let j(l) = -5*l**3 - 69*l**2 + 181*l - 52. What is j(-16)?
-132
Let n(z) = 20771*z - 6065101. Give n(292).
31
Let n(x) = -304*x - 5851. Give n(-21).
533
Let b(h) = -54*h**2 - 72*h + 170. Determine b(2).
-190
Let g(w) = -12*w**2 + 450*w + 3420. Determine g(44).
-12
Let b(v) = -v**3 - 18*v**2 - 23*v - 39. Determine b(-15).
-369
Let t(b) = 375*b - 4666. Determine t(-4).
-6166
Let m(f) = -17*f**2 + 470*f - 581. Give m(26).
147
Let z(n) = 10*n**3 + n**2 + 1275*n - 3824. Calculate z(3).
280
Let w(p) = -468775*p + 468776. Give w(1).
1
Let g(i) = 96417*i + 18. Calculate g(0).
18
Let f(x) = -3*x**3 + 25*x**2 - 171*x + 1757. Calculate f(9).
56
Let m(l) = -3*l**3 + 10*l**2 + 6021*l - 24051. What is m(4)?
1
Let t(f) = -f**3 - 511*f**2 + 40669*f + 85. Determine t(70).
15
Let a(y) = 4*y**3 + 857*y**2 - 3266*y + 440. What is a(-218)?
-432
Let y(r) = r**3 + 197*r**2 + 9358*r + 74. Determine y(-80).
234
Let m(n) = -23*n**2 - 1514*n - 9254. Calculate m(-59).
9
Let r(g) = 723239*g + 3616197. Calculate r(-5).
2
Let s(c) = c**2 + 84*c - 440. Determine s(11).
605
Let v(k) = -6099*k + 109743. Determine v(18).
-39
Let p(y) = y**2 - 744*y + 11600. Determine p(16).
-48
Let g(m) = -12*m**2 + 570*m + 132. Give g(47).
414
Let b(w) = -332*w - 202. Calculate b(5).
-1862
Let w(c) = -11252*c + 765062. Calculate w(68).
-74
Let i(z) = 1892266*z - 9461323. Determine i(5).
7
Let k(p) = 547*p**3 - 2*p**2 + 59*p - 57. Determine k(1).
547
Let t(n) = 2*n**3 + 273*n**2 - 213*n - 10719. Give t(-137).
-307
Let p(g) = -2939*g - 1481245. What is p(-504)?
11
Let r(y) = -y**2 + 11433*y - 239658. Calculate r(21).
-6
Let i(f) = f**2 - 29*f - 5130. Calculate i(-50).
-1180
Let p(y) = -21*y**2 - 1605*y + 8530. Give p(5).
-20
Let d(x) = 2*x**3 - 39*x**2 - 11*x - 491. Calculate d(20).
-311
Let w(c) = 2223*c**2 + 6635*c + 7. Calculate w(-3).
109
Let a(p) = p**2 + 173*p + 10567. Determine a(-64).
3591
Let l(c) = 1763*c - 15710. Determine l(10).
1920
Let o(b) = -2705*b + 935970. Give o(346).
40
Let t(k) = -1867*k - 3670. Determine t(-2).
64
Let z(o) = -6*o**2 + 39*o + 163. What is z(-9)?
-674
Let u(n) = -3*n**3 + 1399*n**2 + 5159*n + 5159. Calculate u(470).
-11
Let x(f) = -f**3 - 180*f**2 + 202*f + 882. What is x(-181)?
-2919
Let l(q) = q**3 + 2734*q**2 - 906866*q - 282. Give l(299).
17
Let f(m) = 6*m**3 + 814*m**2 - 284*m - 1634. What is f(-136)?
-2
Let m(j) = 26*j**2 + 2523*j + 183. What is m(-97)?
86
Let i(m) = -6*m**3 - 124*m**2 - 394*m - 157. What is i(-3)?
71
Let r(s) = -s**2 - 1220*s + 34870. Give r(28).
-74
Let o(k) = k**3 + k**2 - 1829*k + 660. Determine o(42).
-306
Let b(c) = 4*c**3 + 27*c**2 + 225*c + 347. Calculate b(-2).
-27
Let q(s) = -s**2 + 295*s - 8606. Determine q(32).
-190
Let h(g) = -6717*g + 1625538. Calculate h(242).
24
Let o(p) = -997*p - 104640. Determine o(-105).
45
Let h(b) = 4*b**3 + 68*b**2 + 73*b + 7. Give h(-10).
2077
Let t(m) = -977484*m - 6842384. Give t(-7).
4
Let j(i) = i**2 + 248*i - 103613. Determine j(-469).
36
Let q(j) = 43*j**2 - 853*j - 145. Calculate q(18).
-1567
Let x(a) = 3*a**3 + 373*a**2 + 11216*a - 1888. What is x(-73)?
10
Let a(p) = -p**2 + 319*p + 54103. Determine a(-122).
301
Let k(i) = 91*i**2 - 970*i - 393. Give k(9).
-1752
Let a(d) = -6246*d + 2323425. Calculate a(372).
-87
Let p(u) = u**2 + 70*u + 18. Give p(0).
18
Let c(u) = -u**2 + 60*u + 614. What is c(105)?